 = -r + c*r + 4 - 3 + 0*r. Calculate f(-1).
0
Let m(p) = p + 13. Let d = -14 + 22. Suppose 0 = 5*x + 36 - 126. Suppose 3*z = g + x, -4*g - 48 = -4*z - d. Calculate m(g).
7
Let c(k) = -k**3 - 21*k**2 - k - 21. Suppose 742 = -3*j + 679. Determine c(j).
0
Suppose 26 - 46 = -5*g. Let r(a) = -2 - g + a + 6 - 1. Suppose 3*p + 2 = 23. What is r(p)?
6
Suppose 5*c = 4*v + 225 + 88, 4*c - v = 246. Suppose c*d - 128 = 45*d. Let u(j) = j**2 - 8*j. What is u(d)?
0
Suppose q - 2 = 2. Let d be 0 + (4 + -6 - -88) + 4. Let m(z) = 52 + 38 + z + z**2 - d. Give m(q).
20
Let s(x) = -5*x**3 + x**2 + 19. Let z(k) = 6*k**3 + k - 28. Let o(i) = 3*s(i) + 2*z(i). Determine o(3).
-47
Let h(q) = -27*q + 11037*q**3 + 16 - 11034*q**3 - 71*q**2 + 60. Give h(24).
4
Let j = -98 - -100. Let x(m) = m + 3 + 238*m**j - m**3 - 238*m**2. Let r = -3 - -3. What is x(r)?
3
Let g be 15/6*-15*10/(-375). Let l(h) = 21*h. Calculate l(g).
21
Suppose 44 = 14*r - 54. Let n be 1*(-2 + r + -2). Let k(q) be the first derivative of q**4/2 - q**3 - 5*q**2/2 + 2*q - 2. Determine k(n).
14
Let u(a) = -95*a**2 + 17*a - 145. Let g(b) = 68*b**2 - 11*b + 97. Let k(d) = -7*g(d) - 5*u(d). Give k(-11).
13
Let l(b) = 37*b**2 - 103*b - 54. Let t(w) = 28*w**2 - 79*w - 41. Let d(s) = -10*l(s) + 13*t(s). What is d(-3)?
-56
Suppose 15*r - 385 = 92*r. Let l(v) = 3*v**2 + 7*v - 2. Give l(r).
38
Let b(m) = 37*m + 181. Let a be b(-5). Let s be (16/6)/(2/3). Let w(n) = -1 + 4*n + s - 1. Calculate w(a).
-14
Let i be 4/18 + 86/18. Let f(b) be the third derivative of -5*b**4/24 + 2*b**3/3 + 22734*b**2. Calculate f(i).
-21
Let o be (0 - 20)/(-4 - -7) - 12/(-18). Let t(m) = -10*m - 66. What is t(o)?
-6
Let n(x) = 54*x - 89. Let j(q) = 375*q - 635. Let o(r) = -2*j(r) + 15*n(r). What is o(1)?
-5
Let g(o) = -4*o**2 + 49*o - 8. Let s = 697 - 686. Give g(s).
47
Let s(c) = -c**2 - 36*c + 166. Suppose -9842 - 318 = 279*i - 25*i. Determine s(i).
6
Let y(d) be the second derivative of d**5/20 - d**4/3 + 5*d**3/6 - 2*d**2 + 16*d - 52. Let i(h) = -h + 7. Let v be i(4). Determine y(v).
2
Let u(r) = 4*r**3 - 107*r**2 - 11*r + 6. Let g(a) = 5*a**3 - 130*a**2 - 10*a + 5. Let x(k) = -5*g(k) + 6*u(k). Determine x(4).
11
Let u(o) = -o**3 - 3*o**2 - o - 2. Let x(d) = -d**3 - 9*d**2 - 20*d - 7. Let v(n) = 2*u(n) - x(n). Calculate v(-3).
3
Let x(o) = -o - 1. Let n be 88/(-10) + 8 + (-251)/5. Let y = -103 + 55. Let k = y - n. Determine x(k).
-4
Let t(d) = 4*d - 4884 + 9765 + 2*d - 4910. What is t(10)?
31
Let m(i) = -i**2 + 2*i - 2*i + 3. Let g be m(0). Let u(o) = -227*o + 212*o - o**2 + 18*o - 4. Give u(g).
-4
Let m(p) be the third derivative of 0 - 1/720*p**6 + 0*p**3 - 27*p**2 + 11/24*p**4 + 0*p + 1/60*p**5. Let f(u) be the second derivative of m(u). Give f(2).
0
Let p(i) = -12*i + 120. Let q(u) = -5*u + 46. Let g(x) = -6*p(x) + 14*q(x). Determine g(24).
-28
Let r(a) = a**3 + 13*a**2 + 6*a + 2. Suppose 0 = 5*m + k + 69, -4*m - 21 = -114*k + 111*k. Give r(m).
74
Let x(q) be the first derivative of 1/4*q**4 + 0*q**2 - 2*q**3 - 65 + 7*q. Suppose -h + 5 = -3*u - 12, 0 = -2*u - 8. Determine x(h).
-18
Let h(m) = -14*m - 19 + 2 + 10 + 6 - 4*m**2 + 12. Determine h(-4).
3
Let k(g) be the second derivative of g**4/8 - g**3 - 3*g**2/2 + 112*g. Let w(l) be the first derivative of k(l). Let q(j) = j - 1. Let r be q(6). Give w(r).
9
Suppose 10*j - 43 = -3. Suppose 5*k - 5*c + 55 = 0, 2*k + 0 = -j*c - 4. Let i(w) = -w - 8. Give i(k).
0
Suppose -5*q - 2*f + 6*f = -149, -q = 2*f - 41. Let i(z) = -8*z + q + 35 - 67 + 2*z. Give i(-6).
37
Let v(s) = -6238*s**3 - 2*s**2 - 6230*s**3 + 18703*s**3 - 6237*s**3 - 6. Give v(-3).
30
Let a(d) = -d**2 + 10*d + 13. Let q be (-102)/(-9)*744/1054. What is a(q)?
29
Let r(v) = 142*v - 39 + 21*v + 34 - 5*v. Determine r(0).
-5
Suppose -248 + 1115 = -289*z. Let p(a) = -a**2 - 8*a - 3. What is p(z)?
12
Let y(z) be the second derivative of -z**4/6 + 2*z**3/3 + 3*z**2 + 12898*z. Give y(3).
0
Let w = 360 + -367. Let x(h) = 8*h + 38. What is x(w)?
-18
Let s(l) = -2*l**2 + 26*l + 5. Suppose 40 = 4*t - 4*p, 103*p = -t + 102*p + 14. Calculate s(t).
29
Suppose 1037 - 245 = -97*w - 2*w. Let x(k) = -5 + 4 + 11 + k. Let r be x(w). Let b(h) = -4*h + 2. Calculate b(r).
-6
Let p be 3/8 - 132/96. Let l be (p + 4 - (-52)/(-26))*-1. Let r(m) = -1 + 0*m - m + 0*m + 2*m**2. Give r(l).
2
Let i be -4 - (-2 - 60/3). Suppose 6*f = -i + 90. Suppose -5*s + f = -3*x, 4*x + 6 = 2*s + 4. Let t(p) = 8*p. Determine t(s).
24
Suppose 72 = 14*j + 4*j. Let m(s) = 14*s + 12*s**2 + 16*s**3 - 32*s**3 + 15*s**3 - j + 11. Determine m(13).
20
Suppose -2*s - j + 10 = 0, 2*s - 2*j = -3 + 1. Let a(d) = 9*d**3 - 8 + 16 - 10*d**3 + 5*d - 12 + 2*d**2. What is a(s)?
2
Let w(z) = -2*z - 130. Let y(f) = 2*f + 87. Let j(b) = 5*w(b) + 8*y(b). Let d(r) = -r - 8. Let a(c) = 34*d(c) + 6*j(c). Determine a(5).
14
Suppose 4*h + 88 = -212. Let w be (-10)/h - (-124)/(-30). Let i(j) = j + j - 30*j**2 + 57*j**2 + 3 - 28*j**2. Determine i(w).
-21
Let s(t) = 34 + t**3 - 12 + 0 - 2*t - 9 - 6*t**2. Let z be s(6). Let v(i) = 3*i. What is v(z)?
3
Let j(b) be the first derivative of -b**2/2 - 7*b - 7387. Calculate j(3).
-10
Let s(y) = -2*y**3 - y**2 + y - 1. Suppose 2*t + 6 = 4*j, 5*t = -2*j + 1 + 8. Let f be ((-644)/115)/((-4)/10*t). Suppose 0 = 3*l + 11 - f. Give s(l).
-3
Let i(u) = 4*u**3 + u. Let j be 3508/13 - (-6)/39. Let l = 271 - j. Determine i(l).
5
Let b(z) = -445 + 7*z**2 + 220 + 226 - 4*z**3 + 14*z**3 - 9*z**3 + 3*z. Let a(x) = x + 3. Let h be a(-6). Give b(h).
28
Let a(h) = h**3 + h**2 - 2*h + 3. Let b(t) = -t**3 - 24*t**2 - 46*t - 44. Suppose -42*r - 154 = -35*r. Let m be b(r). Give a(m).
3
Let c(z) = -5*z**3 + 10*z**2 - 11*z + 6. Let j(v) = -27*v**3 + 50*v**2 - 56*v + 28. Let m(b) = 11*c(b) - 2*j(b). What is m(8)?
66
Let x(r) be the second derivative of 17*r**3/6 - 107*r**2/2 + 2*r + 997. Determine x(10).
63
Let k(n) = 16*n**2 + 4*n + 2. Let c = -489 + 487. Determine k(c).
58
Let y be (-18)/(-30)*-1 + 1424/(-10). Let w = y - -138. Let a(z) = z**3 + 6*z**2 + 8*z + 9. Calculate a(w).
-6
Let m = -1547 - -1541. Suppose 0 = -r - 5*k + 24, 7 - 31 = -5*r - k. Let f(g) = 4 - r*g**2 - 3*g - 45*g**3 - 3*g**2 + 44*g**3. Give f(m).
-14
Let s(z) = z - 4. Suppose 0 = -4*y - 16 + 24. Suppose y = 3*b + 11. Let t be (-18)/(-10) + b/(-15). Give s(t).
-2
Let f(v) = -2*v - 1 + 4 - 3*v + v. Let u be 22*(9 - ((-12804)/(-121))/12). What is f(u)?
-13
Let c be (-56)/(-35)*-5 - (-10 + 1). Let m(s) = 39*s - 14. Determine m(c).
25
Let s(t) be the second derivative of -13*t**3/6 - 21*t**2/2 + 8809*t - 1. What is s(3)?
-60
Let g(q) = q**3 + 6*q**2 - 9*q - 5. Let r be -27 - (-1)/(1/20). Give g(r).
9
Let w(o) = -11*o**3 - 3*o**2 - 28*o - 10. Let z(c) = 31*c**3 + 10*c**2 + 79*c + 29. Let y(i) = 17*w(i) + 6*z(i). What is y(5)?
94
Let a(g) = 2*g**3 - 6*g**2 + 1. Let d(b) = -17*b**3 + 20*b**2 - 72*b - 3. Let h(u) = 9*a(u) + d(u). What is h(36)?
6
Let d(c) be the third derivative of 0 + 0*c**4 + 0*c + 0*c**3 - 7/60*c**5 - 3*c**2. Suppose -1840*r + 1845*r = 5. Give d(r).
-7
Let p(s) be the third derivative of -5*s**4/12 + s**3/6 - 846*s**2 - 2*s. Let g = -11 - -15. Suppose -g*o - 13 = -9. Give p(o).
11
Let p(m) = 6*m**2 - 4*m**2 - m**2 + 6 - 6*m. Suppose -911*n + 2370 = -4007. Give p(n).
13
Let r(c) = 81*c**2 + 29 + 6*c - 74*c**2 + 10*c - 3 - c**3. Give r(9).
8
Let l(b) = -b**2 + 2*b - 10. Let v(y) = -16*y + 631. Let c be v(39). What is l(c)?
-45
Let l(h) = -448839 + 13*h + 224421 + 224424. What is l(5)?
71
Let t(g) = -115*g - 347. Let a be 27 + -4 - 260/10. Calculate t(a).
-2
Suppose 5*t = 10, 360 + 1256 = 4*b - 2*t. Suppose 403 - b = -2*z. Let v(i) = -8*i**3 - i**2 + i - 1. Give v(z).
-9
Let a(c) = -3*c + 14. Let u be (-5)/(-25) - (1 + (-3508)/10). Suppose 0 = 49*j + j - u. Determine a(j).
-7
Let l = 4052 - 4047. Let z(d) = d**2 - d - 13. Calculate z(l).
7
Let y(f) = -29*f**2 + f - 1. Let q(b) = 2*b**2 - 23*b + 65. Let w be q(6). Determine y(w).
-31
Suppose 4*t - 4 = -4*b, b - 4*t = -3*b - 4. Let y(d) = -2*d**3 - 2*d**2 + d + 6. Let s(u) = -u**3 - u**2 + 2*u + 1. Let q(k) = -s(k) + y(k). Determine q(b).
5
Let f = -6897 + 6895. Let w(n) = -13*n**2 + 4*n + 3. What is w(f)?
-57
Let v(n) be the second derivative of 23*n**4/6 - n**3/6 - n**2/2 - 7154*n. Give v(-1).
46
Suppose 4 - 1 = 3*r. Let s be 45/6 + r/(-2). Let b